 hundred thousands digit of 168124388?
1
What is the ten thousands digit of 3242090879?
9
What is the billions digit of 6892487132?
6
What is the thousands digit of 51162226?
2
What is the tens digit of 6230199117?
1
What is the tens digit of 124930292?
9
What is the units digit of 10519331?
1
What is the ten thousands digit of 171810881?
1
What is the thousands digit of 1132144526?
4
What is the ten thousands digit of 267342126?
4
What is the hundred thousands digit of 162728851?
7
What is the tens digit of 54142144?
4
What is the tens digit of 27150567?
6
What is the hundreds digit of 229754629?
6
What is the ten millions digit of 1652058661?
5
What is the units digit of 96124417?
7
What is the hundreds digit of 2710535?
5
What is the tens digit of 150370187?
8
What is the hundreds digit of 1877918018?
0
What is the units digit of 203387523?
3
What is the units digit of 2440537944?
4
What is the millions digit of 60722393?
0
What is the units digit of 37766493?
3
What is the millions digit of 233354432?
3
What is the thousands digit of 26143066?
3
What is the ten thousands digit of 23809239?
0
What is the ten millions digit of 37640089?
3
What is the tens digit of 1770847211?
1
What is the hundreds digit of 523802531?
5
What is the ten thousands digit of 859023014?
2
What is the hundred thousands digit of 712240773?
2
What is the hundreds digit of 59651349?
3
What is the hundred millions digit of 1839122187?
8
What is the hundred millions digit of 109395096?
1
What is the ten millions digit of 167551360?
6
What is the hundreds digit of 107238633?
6
What is the ten millions digit of 72464622?
7
What is the ten millions digit of 34605717?
3
What is the thousands digit of 53224593?
4
What is the tens digit of 16029038?
3
What is the hundreds digit of 406171785?
7
What is the units digit of 83552130?
0
What is the tens digit of 102920558?
5
What is the units digit of 215797762?
2
What is the units digit of 239942673?
3
What is the tens digit of 8019390?
9
What is the units digit of 7831434?
4
What is the tens digit of 413735170?
7
What is the hundred thousands digit of 71024297?
0
What is the millions digit of 91392604?
1
What is the hundreds digit of 309083294?
2
What is the millions digit of 466382933?
6
What is the ten thousands digit of 2394254287?
5
What is the billions digit of 2901943168?
2
What is the units digit of 103704134?
4
What is the units digit of 115363840?
0
What is the ten millions digit of 6131193829?
3
What is the ten thousands digit of 52647791?
4
What is the hundred thousands digit of 110847616?
8
What is the thousands digit of 741104?
1
What is the ten thousands digit of 127298625?
9
What is the millions digit of 98564799?
8
What is the ten thousands digit of 94151495?
5
What is the tens digit of 320907538?
3
What is the tens digit of 46182846?
4
What is the thousands digit of 550733228?
3
What is the tens digit of 72217565?
6
What is the millions digit of 345209814?
5
What is the thousands digit of 4663817?
3
What is the ten thousands digit of 50967863?
6
What is the millions digit of 7176844?
7
What is the ten millions digit of 28141055?
2
What is the millions digit of 8979503?
8
What is the ten thousands digit of 25017672?
1
What is the tens digit of 25092406?
0
What is the hundred thousands digit of 4211007352?
0
What is the hundred thousands digit of 3016321032?
3
What is the thousands digit of 175948835?
8
What is the tens digit of 487438759?
5
What is the ten thousands digit of 2456660791?
6
What is the ten millions digit of 914744990?
1
What is the ten thousands digit of 224628562?
2
What is the tens digit of 5890393?
9
What is the billions digit of 1620277553?
1
What is the hundreds digit of 525566299?
2
What is the hundred thousands digit of 78435070?
4
What is the hundred thousands digit of 880948731?
9
What is the units digit of 294708359?
9
What is the hundred thousands digit of 21360951?
3
What is the hundreds digit of 1665490?
4
What is the tens digit of 849800340?
4
What is the hundred thousands digit of 740309634?
3
What is the ten thousands digit of 70175862?
7
What is the millions digit of 103291142?
3
What is the ten thousands digit of 89800669?
0
What is the hundred millions digit of 5873352380?
8
What is the hundred millions digit of 1328621028?
3
What is the tens digit of 869919127?
2
What is the thousands digit of 276785746?
5
What is the tens digit of 43675105?
0
What is the tens digit of 3150665?
6
What is the ten millions digit of 5562332560?
6
What is the units digit of 23093718?
8
What is the millions digit of 40798464?
0
What is the ten millions digit of 60275799?
6
What is the hundred thousands digit of 192580066?
5
What is the hundred thousands digit of 1689562623?
5
What is the tens digit of 30039219?
1
What is the units digit of 698120182?
2
What is the units digit of 122168443?
3
What is the hundreds digit of 196092784?
7
What is the thousands digit of 91359070?
9
What is the ten thousands digit of 1136218963?
1
What is the tens digit of 389213415?
1
What is the ten thousands digit of 5494573?
9
What is the ten thousands digit of 234701071?
0
What is the hundreds digit of 362377228?
2
What is the hundred millions digit of 144903127?
1
What is the hundred millions digit of 3193824889?
1
What is the thousands digit of 120729402?
9
What is the units digit of 1170415476?
6
What is the thousands digit of 87237333?
7
What is the ten thousands digit of 7362238?
6
What is the tens digit of 586997065?
6
What is the ten thousands digit of 459736497?
3
What is the millions digit of 480061998?
0
What is the hundreds digit of 21631426?
4
What is the thousands digit of 109595895?
5
What is the ten millions digit of 166902342?
6
What is the millions digit of 494249172?
4
What is the thousands digit of 55825561?
5
What is the units digit of 83547119?
9
What is the ten millions digit of 45188419?
4
What is the hundred thousands digit of 92144092?
1
What is the hundred millions digit of 110310074?
1
What is the units digit of 576584371?
1
What is the tens digit of 3860996546?
4
What is the thousands digit of 6837379?
7
What is the millions digit of 427146065?
7
What is the hundreds digit of 120513227?
2
What is the millions digit of 164521235?
4
What is the hundred thousands digit of 69335300?
3
What is the hundred thousands digit of 63768554?
7
What is the hundred thousands digit of 231122844?
1
What is the tens digit of 111473300?
0
What is the thousands digit of 1065802740?
2
What is the tens digit of 110190465?
6
What is the units digit of 1542899273?
3
What is the units digit of 253946556?
6
What is the tens digit of 56950842?
4
What is the hundred thousands digit of 90456916?
4
What is the millions digit of 63700536?
3
What is the units digit of 58660212?
2
What is the tens digit of 327075163?
6
What is the units digit of 485085333?
3
What is the ten millions digit of 857368252?
5
What is the ten millions digit of 137732017?
3
What is the hundred thousands digit of 2406876468?
8
What is the hundred thousands digit of 345886622?
8
What is the millions digit of 795915738?
5
What is the tens digit of 87690973?
7
What is the ten thousands digit of 113224782?
2
What is the ten millions digit of 103624846?
0
What is the ten millions digit of 452026000?
5
What is the ten millions digit of 112355418?
1
What is the thousands digit of 189283868?
3
What is the tens digit of 242657138?
3
What is the units digit of 204504974?
4
What is the thousands digit of 30088705?
8
What is the hundred thousands digit of 57251857?
2
What is the thousands digit of 964089989?
9
What is the billions digit of 3564163938?
3
What is the hundred thousands digit of 1471241330?
2
What is the ten thousands digit of 124121387?
2
What is the billions digit of 2417010652?
2
What is the thousands digit of 501205683?
5
What is the ten millions digit of 42787532?
4
What is the hundreds digit of 2164504363?
3
What is the thousands digit of 199956583?
6
What is the hundreds digit of 468452146?
1
What is the units digit of 513613726?
6
What is the hundred thousands digit of 610651381?
6
What is the thousands digit of 17739980?
9
What is the ten thousands digit of 37175690?
7
What is the hundreds digit of 504171191?
1
What is the millions 